ppose -3*g + 2233 = 3*j - 4*g, 5*j - 3*g = 3727. Is j a prime number?
True
Let u be -5*(-2)/((-2)/(-1)). Let y = u - 11. Is (6/10)/(y/(-90)) a composite number?
True
Suppose 0*u = 2*u - 4458. Is u prime?
False
Suppose 0 = l + 45 - 376. Is l composite?
False
Suppose -2*i - 10 = 0, j + 4*i = 2*j - 3265. Let z = j + -1182. Suppose -n + z = 5*m, 2*n + 1114 + 955 = 5*m. Is m a composite number?
True
Suppose -15 = -s - 0*s. Let b be 1/(-5) + 408/s. Is 3207/b + (-2)/(-9) a composite number?
True
Let p be (7 + -5)/((-1)/(-2)). Is -2*((-1014)/p + -2) prime?
False
Suppose -3650 + 1290 = -5*z. Suppose 0*g - g = i - 93, 5*i - 2*g - z = 0. Is i composite?
True
Let j be (-2 + 3)*(2 + 51). Let x be (j/(-4))/(1/(-20)). Suppose 2*d + 3*d - x = 0. Is d prime?
True
Suppose 2*h = 3*l - 639, -l - 2*l = -5*h - 648. Is l prime?
True
Suppose -180 = -j + 74. Is j a composite number?
True
Suppose -3*a = 2*n - 515, 5*n = -5*a + 177 + 1113. Is n composite?
True
Let o(v) = v**3 + 21*v**2 + 16*v + 11. Is o(-12) composite?
True
Suppose -n = x - 2, -4*n - 2*x + 0 = -8. Suppose n*h + 94 = 2*r + 2*r, 0 = -r + 2*h + 16. Is r a composite number?
True
Suppose 1 + 24 = 5*r. Let z(c) = c**3 - c**2 - c + 5. Let j be z(0). Suppose 0 = r*d + 4*w - 1063, j*w - 850 = -4*d + 2*w. Is d composite?
False
Let u(s) = 89*s**2 + 13*s - 33. Is u(10) prime?
False
Suppose -3*f + z = 5*z - 963, 3 = z. Is f a prime number?
True
Suppose 2*u = -4*b + 4, b - u - 1 = 2*u. Suppose -o + 9 + b = 0. Is o a prime number?
False
Let p = 2597 + -1630. Is p prime?
True
Let j(q) = 4*q**2 - 12*q + 7. Is j(-6) a composite number?
False
Suppose -4 - 21 = -2*h + 3*l, -3*h + 18 = 2*l. Suppose -4*v = -4*m - h, -6*m = -m + 4*v - 8. Is 113 + m - (1 - 1) a composite number?
False
Suppose 5*s - 265 = -0*s. Is s composite?
False
Let i(g) = -100*g + 1. Let n be i(-1). Let h = n + -48. Is h a composite number?
False
Suppose -4*u + 121 + 63 = 0. Is u a composite number?
True
Let k = -5 - -11. Let b(j) = 76*j + 76*j - 2*j**2 - 158*j + j**3 + 6 - 3*j**2. Is b(k) a composite number?
True
Let n = -650 + 928. Is n a prime number?
False
Let w(v) = -v**3 - 3*v - 9. Is w(-4) a composite number?
False
Suppose -3*u + 73 = -2*u. Suppose -d + 257 = 3*p, 4*d - 4*p = 1069 - u. Is d a composite number?
False
Let i(x) = -3*x**2 + x + 2*x**2 + 0*x + 9. Let n(b) = -3*b**2 + 3*b + 19. Let t(f) = 5*i(f) - 2*n(f). Is t(0) a prime number?
True
Let y(z) = z - 1. Let a(o) = -7*o + 6. Let h(q) = -a(q) - y(q). Is h(7) a prime number?
True
Let l(s) = s**2 - 4 - 2*s**2 + 7*s**2 - s**3. Let u be l(5). Suppose -5*w + 2*w = -u. Is w prime?
True
Let r = -8 - -17. Suppose -10*d + 19 = -r*d. Is d prime?
True
Suppose 7*g + 996 = 3649. Is g a prime number?
True
Is (-1)/(-3) - (-920)/18*6 composite?
False
Let x(r) = r**3 + 10*r**2 - 15*r + 5. Suppose -3*w - 28 = -n, -3*w + n + 4*n - 8 = 0. Is x(w) composite?
True
Let o(x) = x**2 + 7*x + 3. Let c be o(-7). Suppose 3*w = 3 + 3. Suppose -c*t + w*v + 31 = 0, 0 = -t + 2*v + v + 22. Is t a prime number?
True
Is 4/7 + 7080/56 prime?
True
Let g be (-30)/(-9) - 2/(-3). Let c be -4*-62*(-17)/(-8). Suppose -g*o + l = -c, -5*o + 2*l + 655 = -0*l. Is o prime?
False
Suppose -3*m + 8*m + 16 = 3*o, 3*m = o - 12. Is (3 - (-2 - o)) + 51 prime?
True
Suppose 2*v - 5*v = -4*a + 3, 2*v - 4*a = -6. Suppose 6*p - 5*r = p + 30, 6 = -v*r. Let d(c) = c**3 - c**2 + 5*c + 1. Is d(p) a composite number?
True
Let v = 12 - 17. Let n(k) = -2*k**3 - 7*k**2 - 3*k + 4. Is n(v) a prime number?
False
Let w be 38/3 + 1/3. Is w + (0/(-1))/(-2) composite?
False
Suppose 5*w - w - 1216 = 0. Suppose -5*g + w + 271 = 0. Is g prime?
False
Suppose 0 = j - 5. Suppose 0 = -j*b - 102 + 487. Is b composite?
True
Let q = 6 + -3. Suppose 0 = -c - 3*u + 4*u, 0 = q*c + 3*u. Let m(j) = -j**3 - j**2 + j + 4. Is m(c) composite?
True
Let k(w) = -w**3 - 8*w**2 - 7*w - 7. Suppose 35 = -5*u + h - 8, -4*u + 3*h - 41 = 0. Is k(u) composite?
True
Suppose 0 = -j - 0*j - 1. Let u be (3/(9/(-6)))/j. Suppose 3*g + 7 = -u*c + 18, 14 = 3*g + 5*c. Is g composite?
False
Suppose 5*t - 450 = -5*f, -3*f = -0*f - 3. Is t a prime number?
True
Let c = 2 - 0. Suppose -2*l + 204 = c*l. Is l prime?
False
Let f = 29 - 18. Is f a prime number?
True
Let h be (-4)/(2/6*3). Let g = 54 - h. Is g a prime number?
False
Let d(z) = 16*z**3 - 6*z**2 - 13*z - 7. Is d(6) a composite number?
True
Let f(x) = x**2 - x + 3. Let d be f(0). Is ((-7)/d)/((-3)/153) a prime number?
False
Suppose 16 - 4 = -4*h. Is (-287)/(-5) + h/(-5) prime?
False
Suppose d + 2 = q - 0*q, -3*d = 5*q - 10. Suppose d = -2*x - 0*x + 334. Is x a prime number?
True
Suppose -3*v - 2*t - 1 = 0, 4*v + 5 = -t + 2*t. Is ((-638)/6)/(v/3) a composite number?
True
Suppose 5*k = -11 + 496. Is k composite?
False
Let a be (1164/(-18))/(4/54). Let f = -566 - a. Is f prime?
True
Let d(f) = -54*f - 16. Suppose -5*x - 5*t - 16 = -6, -x - 2*t + 3 = 0. Is d(x) a composite number?
True
Is (-16 - 0)/(-4) - -407 a prime number?
False
Let q = 11 + -5. Let d be (-348)/(-8)*(-60)/(-9). Is (d/q)/(3/9) composite?
True
Let w(p) = -12*p - 13. Is w(-11) prime?
False
Let z(o) = 4*o - 3. Let g be z(4). Let x = -10 + g. Is x a composite number?
False
Suppose 84 = 4*o + 4*h, -h = o + 4*h - 33. Is -327*(-2)/(o/15) composite?
True
Let a be 12/(-18) - (-80)/(-6). Is 375/35 + (-4)/a composite?
False
Suppose 3*k + k + 28 = 4*o, 5*o - 3*k - 27 = 0. Is o composite?
False
Let o be ((-2)/3)/(3/(-9)). Is -1 - (-1)/(o/52) a prime number?
False
Suppose d + 0*v - 743 = -3*v, 0 = 3*d + 3*v - 2217. Is d prime?
False
Let b = -36 - -164. Let v = 205 - b. Is v a prime number?
False
Suppose 2*v - 207 = -v. Suppose -2*h + 244 = -0*h. Let a = h - v. Is a composite?
False
Let i(z) be the second derivative of z**3/6 + 2*z**2 - 2*z. Let q = 11 - 5. Is i(q) composite?
True
Let a be (-6)/8 + 21/12. Let h be (-4 - -3)*(a + -6). Suppose 0*f = -h*f + 195. Is f prime?
False
Is (2110/3)/(4/6) a composite number?
True
Let l be (-9)/(((-6)/15)/2). Let w = l + -20. Is w composite?
True
Let z(a) = -2*a**3 + 3*a**2 - 2*a. Is z(-5) prime?
False
Suppose -5*x = 4*l - 261, -x = x + 4*l - 102. Is x composite?
False
Suppose -3*l + 320 = -253. Is l a prime number?
True
Let d(o) be the first derivative of o**5/5 - o**4/6 - o**3/6 - o**2/2 - 3*o + 3. Let q(s) be the first derivative of d(s). Is q(2) prime?
False
Let f(u) = 23*u**3 + u + 1. Let k be f(-2). Suppose -c - 26 = 100. Let i = c - k. Is i a composite number?
False
Suppose 3*z + r - 9 = z, 25 = 5*r. Let m = 16 + z. Suppose m = 4*h - 10. Is h composite?
False
Let t(p) = 4*p + 9. Let a(x) = -6*x - 14. Let y(g) = -5*a(g) - 8*t(g). Let i be y(-3). Suppose k - i = 11. Is k prime?
False
Suppose -3*z = -7*z + 2*j + 5590, 5*z = -5*j + 6980. Is z composite?
True
Let q(z) = -z**3 + 60. Let v be q(0). Is 6516/v - 2/(-5) prime?
True
Suppose -4*x = -4, 0*g - 3*g = x - 280. Is (g/9)/(3/27) a prime number?
False
Let p be 5*3*(-2)/(-6). Suppose -16 = -p*d + d. Suppose 0 = -2*x - 10, -303 = d*n + 3*x - 884. Is n a prime number?
True
Is (2 + -3)/(4/(-1796)) a prime number?
True
Suppose 2*r + 0*c = 2*c + 1478, 0 = -4*r - 2*c + 2980. Is r a prime number?
True
Suppose -4*x - 4*d - 16 = 0, -3*x - d + 20 = -6*d. Suppose q - 28 + 0 = x. Suppose -q = -4*i + 2*i. Is i a prime number?
False
Let m be 4/22 + 141/11. Let z(d) = 3*d**2 - 5*d + 7. Is z(m) a composite number?
False
Suppose -c - 2*w + 12 = 0, -5*c - 2*w - w = -53. Suppose 5*a = 5*z - c, -2*a + 34 = a + 5*z. Suppose 4*d = a*d - 3*t + 11, -5*t = -5*d + 155. Is d composite?
True
Suppose -9015 - 1573 = -4*c. Is c prime?
True
Suppose 212 = -4*d + 2*c - 0*c, 2*d = -2*c - 112. Let t = 107 + d. Is t a composite number?
False
Let c(d) = -9*d + 12. Let o be c(-7). Is o + 2 + 0 + 0 composite?
True
Is (2 - 5)/(3/(-19)) a prime number?
True
Suppose -3*s - 2*h = -875, 0 = -s + h + 119 + 176. Is s a prime number?
True
Let q = -136 + 205. Is q a composite number?
True
Let o = -3 - -7. Is (-1377)/(-12) + 1/o prime?
False
Suppose 0 = 4*s - 3454 + 1122. Is s composite?
True
Suppose l + 2*p = -1, -p + 4*p - 3 = -3*l. Let z(x) = 7*x - 7. Is z(l) a composite number?
True
Suppose 0*f - 5*f + 2*t + 7830 = 0, -4*f = -4*t - 6252. Let l = f + -1015. Is l composite?
True
Let s = 25 + -16. Suppose -s = -4*b + 15. Let z = b + 3. Is z a composite 